k) = 6*k**2 - k**2 - k**b - 2*k - 2 - 3*k**2. Determine m(q).
-6
Let b(d) be the third derivative of 0*d - d**2 + 1/12*d**4 + 0 + 1/6*d**3. Determine b(2).
5
Let k(c) be the first derivative of -3/2*c**2 + 0*c - 2 + 2/3*c**3. Determine k(3).
9
Suppose -3*y + 3 = -5*y + 5*i, -14 = 4*y - 2*i. Let c(v) = -4*v + 2. Let k = 5 + -8. Let p(j) = -9*j + 5. Let f(h) = k*p(h) + 7*c(h). Determine f(y).
3
Let x = 29 + -31. Let h(f) = f**3 - 2*f + 1. What is h(x)?
-3
Let i(s) = 1 - 2 - 7*s + 0. Let v = 12 + -7. Let b(p) = 6*p + 1. Let w(q) = v*b(q) + 4*i(q). Give w(1).
3
Let o(c) = -c - 4. Let h be o(-6). Let t(y) = -y**3 - 3*y**2 + 2*y - 4. Let s be t(-4). Let w(v) = 0*v + h*v - s*v. Give w(-1).
2
Let p(i) = -3*i**2 - 2*i. Suppose 22*m = 27*m + 10. What is p(m)?
-8
Let o(p) = -7*p**3 - 3*p + 15. Let v(t) = -11*t**3 - 5*t + 22. Let a(j) = 8*o(j) - 5*v(j). Give a(0).
10
Let c(w) = -w**2 + w + 1. Let l(p) = -p**2 + 6*p + 8. Let x(q) = 6*c(q) - l(q). Calculate x(2).
-22
Suppose 0 = 9*c - 10*c - 3. Let z(u) = u**3 + 3*u**2 - 2*u - 4. Determine z(c).
2
Let h(b) be the second derivative of -b**5/60 - b**4/6 - 2*b**3/3 - 3*b**2/2 + b. Let a(j) be the first derivative of h(j). Give a(-4).
-4
Let s = -1 - -3. Let w(k) be the third derivative of k**7/840 - k**6/120 + k**5/60 - 2*k**3/3 + k**2. Let i(d) be the first derivative of w(d). Determine i(s).
0
Let j(f) = f + 7. Let g be j(-5). Suppose -g*o - 10 = -0. Let p be (-1 - o)/((-5)/(-5)). Let m(t) = t**2 - 2*t - 4. Calculate m(p).
4
Let o(n) = -4*n**2 + 6*n - 10. Let z(i) = -3*i**2 + 7*i - 9. Let v(y) = -4*o(y) + 5*z(y). Let m be v(-11). Let x(c) = c**3 + 4*c**2 - 6*c + 1. What is x(m)?
6
Suppose 7*x = 4*x. Let j(t) be the third derivative of t**6/720 + t**5/120 - t**4/24 - 3*t**2. Let a(r) be the second derivative of j(r). What is a(x)?
1
Let y(b) = -5 - 23*b + 11*b - 6*b**2 - b**2 + b**3 + 19*b. Determine y(6).
1
Let x(c) = -c. Suppose 6 = 4*r - 7*r. Give x(r).
2
Let x(b) = -10*b + 3. Let f(c) = 10*c - 4. Let k(u) = 4*f(u) + 5*x(u). Let t = 5 + -8. Let v = t - -2. Determine k(v).
9
Let j(l) = 4*l**3 - 5*l**2 - l + 4. Let d(r) = -7*r**3 + 10*r**2 + r - 8. Let w(g) = 3*d(g) + 5*j(g). Calculate w(4).
4
Let g(d) be the first derivative of -d**4/4 + d**3 + 7*d**2/2 - 5*d + 17. Determine g(4).
7
Suppose 4*y + y = -y. Let a(r) = r - 2. Give a(y).
-2
Let u(d) = 3*d - 16. Let n(m) = 5*m - 24. Let l(g) = -5*n(g) + 8*u(g). Determine l(-14).
6
Let c = 5 - 0. Let y be 28/c + 4/10. Let o(w) = 2 - y*w - 3 + w. Calculate o(-1).
4
Suppose 0 = -2*p + 9 + 1. Let c(h) = h**3 - 5*h**2 - 7. Calculate c(p).
-7
Let g be 2/(-4) + (6 - 5). Let d(z) be the second derivative of -1/12*z**4 + g*z**2 - 1/6*z**3 + 0 - 2*z. Give d(-2).
-1
Suppose -5*v - 2*y + 6*y - 5 = 0, -2*v + 21 = 3*y. Let u(m) = 8*m**2 + 4 - 5 - v*m**2. What is u(1)?
4
Let b(q) = 3 - 6*q**2 + 5*q**2 + 0*q**2 - 5*q. Let a be (-2)/4*2 + 9. Let f = a - 13. What is b(f)?
3
Let n = 7 + -7. Let t = -3 - n. Let p(v) = v**3 + 3*v**2 - 2*v - 4. Give p(t).
2
Let w(z) be the first derivative of -z**3/3 + z**2/2 - 2*z + 2. Let b(s) = -s**3 - 3*s**2 - s - 1. Let v be b(-3). Let q = 2 - v. Calculate w(q).
-2
Let m(h) = h + 1. Suppose f + 11 = -4*j, 0 = -0*f + 2*f - 2*j - 18. Suppose 0*n = -f*n + 25. What is m(n)?
6
Let q(j) be the first derivative of j**3/3 - j**2 + 3*j + 10. Give q(3).
6
Let a(n) = -5*n + 21. Let m(o) = -3*o + 14. Let t(j) = 5*a(j) - 8*m(j). Let d(c) = 2*c + 8. Let i be d(-4). Determine t(i).
-7
Let y(c) = c + 7. Let n(t) = 5*t. Let j be n(-1). Let l = 3 - j. Suppose l = 4*b, 1 = -m - 2*b - 0. Determine y(m).
2
Suppose 0 = 2*r + 5*r - 21. Let n(h) = -h**3 + 3*h**2 + 2*h + 4. Give n(r).
10
Let d(r) = r**3 + 6*r**2 + 4*r + 1. Let t be 4/2*(-28)/8. Let z = t + 11. Suppose 0 = -2*m - z*v - 18, -4*m + v - 18 + 0 = 0. Give d(m).
6
Let s(d) = d**2 - 4*d + 15. Let c(w) = -w**2 + 3*w - 14. Let n(v) = -5*c(v) - 4*s(v). Let x be (44 - 44)/(-2 + 4). Give n(x).
10
Let z(h) = -h**3 - 3*h**2 - 2*h + 2. Let c be (-3*(-3)/(-18))/(3/18). Determine z(c).
8
Let y(z) = -4*z**3 - 7*z**2 + 2*z + 3. Let w(m) = 3*m**3 + 6*m**2 - m - 2. Let a(l) = -3*w(l) - 2*y(l). What is a(-4)?
4
Let o(a) = -a**2 + 5*a + 5. Suppose 2*k - 2*h - 3*h = 15, -3 = k + h. Let i be k + 0 + 12/2. Let t be o(i). Let d(z) = -8*z**2 - z - 1. Calculate d(t).
-8
Suppose 3*r - 7 = -b + 10, 5*b + 3*r - 25 = 0. Let x(g) be the first derivative of 1/2*g**4 - g**3 + 0*g**2 - 3 + b*g. Calculate x(2).
6
Let k(w) = -w**2 - 6*w - 5. Let q = 10 + -7. Suppose b - 4 = -q. Let v = -3 - b. Calculate k(v).
3
Let i = -17 + 12. Let p(l) = -l - 4. Determine p(i).
1
Let m(t) = t**2 - 5*t + 2. Let v(g) = g**2 - 4*g + 1. Let r(w) = -4*m(w) + 5*v(w). Suppose 4*d + 16 - 4 = 0. Determine r(d).
6
Let g(x) = 5*x - 3. Let z = 38 - 36. Determine g(z).
7
Let l(j) = 4 + 2*j**2 + 41*j**3 - 42*j**3 + 0*j - j. Give l(3).
-8
Let q = 7 - 16. Let r = q + 3. Let b(u) = -u**2 - 6*u - 4. Determine b(r).
-4
Suppose 0 = -4*z + z + 36. Suppose 2 = -2*p + z. Let w(l) = -3*l - 1 + 2*l - p. Give w(-4).
-2
Let j(n) = -n - 4. Let t be j(-6). Let p(k) be the third derivative of 0 - 1/2*k**3 + 1/6*k**4 + 0*k + k**2. Calculate p(t).
5
Let c(j) = j**3 - 2*j + 1. Suppose -2*a + 22 = -5*u + a, -8 = 2*u - a. Let x be 57/6 + u/4. Let m be (2/(-6))/((-3)/x). Calculate c(m).
0
Let v = 19 - 24. Let f(q) = q**2 + 5*q - 6. What is f(v)?
-6
Let b be (-5 + 64/12)*6. Let j(c) = -c. Give j(b).
-2
Let k(p) be the first derivative of -p**2 + 6*p + 5. What is k(4)?
-2
Let j(c) be the second derivative of c**5/20 + c**4/4 + c**3/6 + c**2/2 + 2*c - 31. Determine j(-2).
3
Let w(t) = t - 2. Let s be (-20)/(-8)*(-12)/(-10). Suppose 0 = -s*h + h + 12. Calculate w(h).
4
Let n(u) be the third derivative of -u**6/120 - u**5/20 + u**4/8 - u**3/6 - 38*u**2. Calculate n(-3).
-10
Let k(t) = -t**3 + 2*t**2 - 2*t + 3. Let p(x) = x - 3. Let s be p(3). Let u = s + 2. Give k(u).
-1
Let q(i) be the second derivative of -i**3/3 + 9*i**2/2 - 2*i. What is q(6)?
-3
Let x(k) be the second derivative of 0 + 1/2*k**2 - 3*k + 1/6*k**3. Suppose 5*w = 3*z - 9, -2*z = 2*z + 2*w - 12. Determine x(z).
4
Let m(s) = -12*s + 92. Let i be m(7). Let k(z) = z - 11. What is k(i)?
-3
Let g(l) be the third derivative of -l**5/60 - l**4/4 - 7*l**3/6 + 33*l**2. Give g(-6).
-7
Let j(q) = -1 - 21*q + 11*q + 13*q. Suppose 5*a + 0*a + 25 = 0, -m + 5*a + 32 = 0. Suppose -2*k - 15 = -m*k. What is j(k)?
8
Let v(j) = j**3 - 4*j**2 + 2*j - 5. Suppose f + 6 - 4 = 0. Let w be ((-24)/21)/(f/7). What is v(w)?
3
Let v(p) = p**2 + 9*p - 5. Let k(w) = -2*w**2 - 18*w + 10. Let t(x) = -3*k(x) - 7*v(x). What is t(-7)?
19
Let n(r) be the first derivative of r**4/2 + 2*r**3/3 + r**2 - r - 3. Give n(-2).
-13
Let g(x) = -x**2 + x - 3. Let q be (0/(-4))/(-1 - 1). Determine g(q).
-3
Let c(r) = -r + 2. Suppose 0 = -w + 4*w + 2*a + 12, -4*a = 0. What is c(w)?
6
Let g = -8 + 10. Suppose -g*u + 5*b = -6*u + 4, 0 = 4*u - b - 4. Let w(s) = 5*s + 1. What is w(u)?
6
Let o(g) = g**3 + 4*g**2 - 5. Let j = 71 + -75. What is o(j)?
-5
Suppose -6*f = 45 - 33. Let i(b) be the second derivative of 0 + 2/3*b**3 + 1/2*b**2 + b. Calculate i(f).
-7
Let g(m) = m**2 - 4*m + 4. Let l be g(3). Let i be (l + (0 - 1))/(-2). Let n(k) = -k + 0 + 0 + k**2 + 6. Determine n(i).
6
Let w(i) = i**3 + 5*i**2 - 8*i - 9. Let x = -41 - -35. What is w(x)?
3
Let f = 86 + -86. Let b(r) = r**3 - r - 12. Determine b(f).
-12
Let m(q) = 3*q**3 + 2*q**2 + 4*q + 3. Let b(d) = 8*d**3 + 5*d**2 + 11*d + 8. Let f(c) = -4*b(c) + 11*m(c). What is f(2)?
17
Let u(s) be the third derivative of s**4/24 + 7*s**3/6 - 12*s**2. Give u(-5).
2
Let s(i) = -9*i**2 + 20 + 4*i**3 - 3*i**3 + 7*i - 27. Calculate s(8).
-15
Let j(k) = -k**2 + 8*k - 1. Let g be j(7). Suppose -2*u = u - g. Suppose -15 = -3*o - u*o. Let t(r) = r**2 - 3*r + 1. Calculate t(o).
1
Let r(p) = 4*p + 2. Let c(v) = 2*v**3 - 8*v**2 + v + 3. Let i be c(4). Calculate r(i).
30
Let n(y) be the first derivative of -y**2/2 - 2*y - 1. Let d(o) = o - 2. Let u(p) = p**3 + 4*p**2 - 6*p - 5. Let t be u(-5). Let r be d(t). Give n(r).
0
Let v(d) = 6*d**2 - 3*d - 1. Let i(x) = -13*x**2 + 7*x + 2. Let y(u) = -4*i(u) - 9*v(u). Calculate y(-2).
-5
Suppose 4 - 29 = 5*g. Let r(s) = s + 4. What is r(g)?
-1
Let r be -2 - -1 - (0 + -3). Let q(j) = -1 + r*j**2 + 2*j**2 - 5*